alse
Is 441443 a prime number?
True
Is 7039 a prime number?
True
Is 2017 composite?
False
Is 1753 a prime number?
True
Is 47351 prime?
True
Is 43889 composite?
False
Is 24478 prime?
False
Is 7393 composite?
False
Is 107683 a composite number?
True
Is 548089 a composite number?
False
Is 17807 a composite number?
False
Is 31357 a prime number?
True
Is 270221 a composite number?
True
Is 11969 composite?
False
Is 644377 a prime number?
True
Is 194531 prime?
False
Is 100621 prime?
True
Is 188137 a prime number?
True
Is 39941 prime?
False
Is 83527 a composite number?
True
Is 406117 a composite number?
False
Is 314606 prime?
False
Is 13985 composite?
True
Is 233039 a composite number?
True
Is 101429 a composite number?
False
Is 1698299 a prime number?
False
Is 57 prime?
False
Is 18481 prime?
True
Is 70139 a composite number?
False
Is 117191 a prime number?
True
Is 6259 a prime number?
False
Is 157 composite?
False
Is 1121723 a composite number?
False
Is 18337 composite?
True
Is 354247 a prime number?
True
Is 14963 composite?
True
Is 150869 composite?
False
Is 24491 prime?
False
Is 169523 composite?
False
Is 9311 prime?
True
Is 75769 a prime number?
False
Is 2449 a prime number?
False
Is 132019 a prime number?
True
Is 294461 a prime number?
True
Is 921293 composite?
False
Is 33377 composite?
False
Is 6623 composite?
True
Is 915661 prime?
False
Is 33679 a prime number?
True
Is 5351 a composite number?
False
Is 53891 a prime number?
True
Is 142187 prime?
False
Is 20287 a prime number?
True
Is 45817 a prime number?
True
Is 466243 a composite number?
False
Is 5793 composite?
True
Is 4201 composite?
False
Is 1355086 a composite number?
True
Is 197122 composite?
True
Is 95054 composite?
True
Is 1455007 a composite number?
False
Is 403379 prime?
False
Is 552543 prime?
False
Is 77921 a composite number?
True
Is 48337 a prime number?
True
Is 4309 composite?
True
Is 37087 a composite number?
False
Is 53203 prime?
False
Is 6547 composite?
False
Is 32659 composite?
True
Is 1731277 a composite number?
True
Is 88419 prime?
False
Is 10801 a composite number?
True
Is 83761 prime?
True
Is 13307 a composite number?
True
Is 8513 a prime number?
True
Is 502 composite?
True
Is 4201 composite?
False
Is 442271 prime?
True
Is 322453 a prime number?
False
Is 522113 composite?
False
Is 14809 a prime number?
False
Is 237085 a prime number?
False
Is 13751 a prime number?
True
Is 2819 a prime number?
True
Is 1439 prime?
True
Is 213461 a prime number?
True
Is 1693 a composite number?
False
Is 14237 composite?
True
Is 6449 a prime number?
True
Is 87053 a prime number?
False
Is 3203 a composite number?
False
Is 3821 composite?
False
Is 111893 composite?
False
Is 10397 composite?
True
Is 497899 prime?
True
Is 19841 composite?
False
Is 2321 composite?
True
Is 1098953 prime?
True
Is 2651 a composite number?
True
Is 5273959 a prime number?
True
Is 449591 composite?
False
Is 53653 a composite number?
False
Is 669899 composite?
True
Is 42917 a prime number?
False
Is 258887 prime?
True
Is 85717 a prime number?
True
Is 1411931 composite?
False
Is 4511893 composite?
False
Is 451963 a composite number?
True
Is 145429 a prime number?
False
Is 42934 composite?
True
Is 32921 prime?
False
Is 7789 a composite number?
False
Is 64401 composite?
True
Is 194767 a prime number?
True
Is 202277 a prime number?
True
Is 24281 composite?
False
Is 45301 a prime number?
False
Is 7199 composite?
True
Is 1257 composite?
True
Is 38903 composite?
False
Is 337291 a composite number?
False
Is 17083 composite?
True
Is 1595701 prime?
True
Is 19567 a composite number?
True
Is 7411 a composite number?
False
Is 16673 composite?
False
Is 1564081 a prime number?
True
Is 8819 a prime number?
True
Is 1473 composite?
True
Is 923 a prime number?
False
Is 193731 composite?
True
Is 11549 a prime number?
True
Is 309223 composite?
False
Is 254593 a prime number?
True
Is 405242 composite?
True
Is 12323 a prime number?
True
Is 11599 prime?
False
Is 112227 prime?
False
Is 587317 prime?
False
Is 1031309 a composite number?
False
Is 33457 a prime number?
True
Is 784489 a composite number?
False
Is 23393 a prime number?
False
Is 4666801 composite?
False
Is 2243 a composite number?
False
Is 213457 a composite number?
True
Is 163619 prime?
False
Is 531793 a composite number?
False
Is 74309 a composite number?
True
Is 366657 composite?
True
Is 10781 composite?
False
Is 93569 composite?
True
Is 399643 prime?
True
Is 1051673 a prime number?
False
Is 144851 a prime number?
False
Is 150191 a prime number?
False
Is 24707 a prime number?
False
Is 93979 a prime number?
True
Is 5561 prime?
False
Is 13919 a composite number?
True
Is 40343 a composite number?
False
Is 8147 a composite number?
False
Is 5569 a prime number?
True
Is 761069 prime?
True
Is 417691 prime?
True
Is 1477 a prime number?
False
Is 58831 a composite number?
False
Is 313471 a composite number?
False
Is 10541 prime?
False
Is 2581 a composite number?
True
Is 2331419 a prime number?
True
Is 290447 composite?
False
Is 138793 composite?
False
Is 25909 composite?
True
Is 701 a composite number?
False
Is 7867 a composite number?
False
Is 2164795 a prime number?
False
Is 69371 a composite number?
False
Is 8047 composite?
True
Is 738938 a composite number?
True
Is 546919 prime?
True
Is 15809 a composite number?
False
Is 11359 prime?
False
Is 755473 a prime number?
True
Is 57181 composite?
True
Is 43669 a prime number?
True
Is 1308197 composite?
True
Is 2893 composite?
True
Is 448597 composite?
False
Is 410937 composite?
True
Is 8801 composite?
True
Is 10133 a composite number?
False
Is 670613 composite?
False
Is 802981 a prime number?
False
Is 21355 prime?
False
Is 2376079 prime?
True
Is 337271 a prime number?
False
Is 42281 composite?
False
Is 595139 prime?
True
Is 482091 a prime number?
False
Is 901 a prime number?
False
Is 4562 composite?
True
Is 80101 a prime number?
False
Is 62797 composite?
True
Is 80851 a composite number?
True
Is 2818 composite?
True
Is 95369 a composite number?
False
Is 238711 a composite number?
True
Is 7993 a composite number?
False
Is 14533 a prime number?
True
Is 426397 prime?
False
Is 479 a composite number?
False
Is 90235 composite?
True
Is 1909469 a composite number?
True
Is 100637 a prime number?
False
Is 36433 a prime number?
True
Is 592366 a prime number?
False
Is 2982995 a prime number?
False
Is 12641 a composite number?
False
Is 343817 a prime number?
True
Is 15055 composite?
True
Is 392759 a prime number?
True
Is 9445 a composite number?
True
Is 472319 prime?
True
Is 767 a prime number?
False
Is 7349 a composite number?
False
Is 1065037 composite?
False
Is 200933 a prime number?
False
Is 55985 a composite number?
True
Is 12091 composite?
True
Is 1345 a prime number?
False
Is 1861 a prime number?
True
Is 743 prime?
True
Is 277819 a composite number?
True
Is 1073 prime?
False
Is 2569 a composite number?
True
Is 72859 a composite number?
False
Is 57037 a composite number?
False
Is 119003 composite?
True
Is 277769 composite?
True
Is 141829 composite?
False
Is 78203 composite?
False
Is 22921 a prime number?
True
Is 3989 prime?
True
Is 680189 a prime number?
True
Is 48431 a composite number?
True
Is 148921 a composite number?
False
Is 42649 composite?
False
Is 335397 a prime number?
False
Is 8146 composite?
True
Is 312413 a composite number?
False
Is 495839 a composite number?
True
Is 231589 a composite number?
False
Is 513029 prime?
False
Is 42667 composite?
False
Is 2569 a composite number?
True
Is 12847 prime?
False
Is 248047 a prime number?
False
Is 141959 composite?
False
Is 273997 a prime number?
True
Is 9277 a composite number?
False
Is 160481 composite?
False
Is 1228523 a prime number?
False
Is 29353 composite?
True
Is 5381 a prime number?
True
Is 15071 a prime number?
False
Is 11299 composite?
False
Is 49553 prime?
False
Is 4783 prime?
True
Is 398263 prime?
False
Is 24655 prime?
False
Is 1178311 a composite number?
True
Is 1371 a composite number?
True
Is 240815 a composite number?
True
Is 85381 composite?
False
Is 134 prime?
False
Is 356761 prime?
True
Is 6081 prime?
False
Is 5747 composite?
True
Is 23099 prime?
True
Is 199151 a composite number?
False
Is 2981 composite?
True
Is 60181 a prime number?
False
Is 672883 prime?
True
Is 79939 com